1?
8
Suppose 87 + 296 = 33*g - 46. Calculate the remainder when 23464 is divided by g.
12
Suppose 332 = -6*d + 428. What is the remainder when 990 is divided by d?
14
Suppose -442 = -3*t + 2*b, -876 = -5*t - 2*b - 134. Calculate the remainder when 275 is divided by t.
127
Let p be -4 + 675/72 + 9/(-24). Suppose -3*b - p*g + 31 + 34 = 0, 0 = 5*b + g - 79. Calculate the remainder when 60 - (4/(-2))/(-2) is divided by b.
14
Let d(x) = -x**3 - 10*x**2 - 2*x + 21. Calculate the remainder when 1301 is divided by d(0).
20
What is the remainder when 607 is divided by (-3)/(-8 + (-5)/((-620)/986))?
49
Let v = -11 - -43. Suppose 9*b - 40 = 5*b. Let o = 21 - b. Calculate the remainder when v is divided by o.
10
Suppose -140*t + 43671 + 55745 = 19896. Calculate the remainder when t is divided by 82.
76
Let z(w) = -w**3 + 49*w**2 + 744*w - 138. What is the remainder when z(61) is divided by 182?
48
Let q be 12*(0 + (-174)/12). Let g = q + 244. Calculate the remainder when g is divided by 18.
16
Suppose 0 = 3*h - 39 + 27. Suppose x - h - 1 = 3*g, -4*x = -5*g - 34. Suppose -n = -3*k - 21, 2*n = -n - 2*k + 8. What is the remainder when x is divided by n?
5
Let u(o) = o**2 - 12*o + 78. Suppose -21*m = -6*m - 150. What is the remainder when u(m) is divided by 4?
2
Let w = -46 + 53. Let k be (105/(-2))/(9/(-12)). Suppose k = -2*m + w*m. Calculate the remainder when 54 is divided by m.
12
Suppose 0 = -f + 43 + 15. Let p(c) = -50*c**2 - 968*c + 2. Calculate the remainder when p(-19) is divided by f.
54
Let a(p) = -p**3 + 18*p**2 - 25*p - 19. Let y = -80 + 96. Calculate the remainder when 366 is divided by a(y).
87
Suppose -a = q - 9, -a - a + 6 = -4*q. Suppose -131 = -3*c + a. Let v = 7 - -9. Calculate the remainder when c is divided by v.
14
Let h(f) = 39*f - 2203. What is the remainder when h(64) is divided by 80?
53
Suppose 24*p + 2*p + 1612 = 0. Let u be ((-375)/10)/((-3)/6). Let x = u + p. Calculate the remainder when x is divided by 4.
1
Let c(i) = -i + 13. Let x(a) = 9*a**2 - 49*a + 21. Let b be x(7). Suppose 0 = 116*q - b*q + 36. What is the remainder when q is divided by c(6)?
5
Let q(g) = 6*g**2 + 5*g - 24. What is the remainder when 633 is divided by q(3)?
3
What is the remainder when 806 is divided by 166 + (-2 - -3)/((-34)/(-68))?
134
Let z(d) = -164*d - 711. Calculate the remainder when 209 is divided by z(-5).
100
Let q be -2 - (10 + -6 + 4). Calculate the remainder when 86 is divided by ((-5)/q)/(3/462).
9
What is the remainder when 2036 is divided by ((-2)/17 + (-1944)/(-918))/((-5)/(-340))?
132
Let r(x) = x**2 + 6*x + 58. Let c be r(-19). Let n = -258 + c. Calculate the remainder when 137 is divided by n.
43
Suppose 46 + 26 = 4*x. Suppose -4*b - 9 = -1, -m + 47 = 4*b. What is the remainder when 2/2 + m + 14 is divided by x?
16
Suppose 4*f = -a + 6*a - 6, -f = -5*a + 9. Suppose -f = -h, -2*h = 3*t + 2*h - 49. What is the remainder when t is divided by (-25)/(-2)*(-12)/(-15)?
5
Let q(x) = 27*x**2 - 6*x - 1. Let y be q(-3). Suppose 13*s - y = 3*s. What is the remainder when 101 is divided by s?
23
Let h(o) = -60*o + 974. Calculate the remainder when 77 is divided by h(16).
7
Calculate the remainder when 203 is divided by (644/112)/(5/4 + -1).
19
Suppose 3*a = -5*u + 23, 4*a - u = 3*u + 20. Suppose 424617 - 423689 = 32*b. What is the remainder when b is divided by a?
5
Let z = -199 + 603. Suppose -399*y - 310 = -z*y. What is the remainder when 129 is divided by y?
5
Let z = -3841 + 4029. What is the remainder when 189 is divided by z?
1
Let h(w) = 6*w + 27. Let v be h(-5). Calculate the remainder when 2685/10*(-4)/v is divided by 18.
16
What is the remainder when -4*728575/(-2300) - 4/46 is divided by 63?
7
Suppose -196 = -89*h + 75*h. Calculate the remainder when 1048 is divided by h.
12
Let i be (-6)/5*(-20)/(-3). What is the remainder when (-331)/(-3) + i/6 is divided by ((-2)/6)/(-2*1/222)?
35
Let k = -460 - -493. Calculate the remainder when 392 is divided by k.
29
Let b(q) = q**3 + 11*q**2 - 137. What is the remainder when b(-7) is divided by 9?
5
Let j = -7338 + 7344. What is the remainder when 80 is divided by j?
2
Let k = 114 - 53. Let n = -75 + k. Let c(z) = -z**3 - 15*z**2 - 18*z - 26. What is the remainder when 117 is divided by c(n)?
27
Suppose 26 + 1 = 9*t. Let z be t/(((-11)/(-28))/(-11)). Calculate the remainder when 2/(-3)*z - -1 is divided by 12.
9
Suppose 2*y + 4*g = -y + 1591, 3*y - 5*g - 1636 = 0. Calculate the remainder when y is divided by 114.
81
Suppose 160 = -4*r + 9*r. Suppose -6*g + r = 2. Suppose 0 = g*u + 170 - 455. Calculate the remainder when u is divided by 15.
12
Suppose 5*u - 675 = -5*m, -2*u - 19 + 257 = -14*m. Calculate the remainder when u is divided by 37.
22
Suppose -6 + 1 = 5*b - n, 0 = 3*b + 3*n + 3. Let r = 41 + b. Let d = -7 + 21. Calculate the remainder when r is divided by d.
12
Suppose 35*k + 1914 = 29*k. Let y = -295 - k. What is the remainder when 142 is divided by y?
22
Let c(x) = x**2 + 10*x + 7. Let d = -34 + 36. Calculate the remainder when ((-27)/(-15) - d) + (-255)/(-25) is divided by c(-10).
3
Let d = 1681 - 1612. Calculate the remainder when d is divided by 35.
34
Suppose -3565 = -23*a + 32775. Calculate the remainder when a is divided by 113.
111
Suppose -29 - 32 = -k. What is the remainder when k is divided by -4 + 6 + -2 - (-10)/2?
1
Let h(w) = -w**3 - 21*w**2 + 16*w - 119. Let t be h(-21). Let c = t + 461. Let g(n) = n**2 + n + 4. Calculate the remainder when g(6) is divided by c.
4
Suppose 1374*t = 1408*t - 151742. Calculate the remainder when t is divided by 62.
61
Suppose -831*x = -828*x - 2*b - 220, -4*x + b = -280. Calculate the remainder when 406 is divided by x.
66
Calculate the remainder when 1958 is divided by 14*(-29)/(-1218) - ((-114)/9 + -1).
12
Calculate the remainder when (-676)/(-104)*11*6 is divided by 44.
33
What is the remainder when 2887 is divided by (-36)/12 + 9 + (-5)/(15/(-42))?
7
Suppose 1438 = 165*v - 1671 - 1676. Suppose 0*g + 14 = g - 3*y, 5*g - 50 = 5*y. Calculate the remainder when v is divided by g.
5
Let l = 37 - 23. Let w(c) = c**3 - 7*c**2 - 7*c + 19. Let p = 37 + -29. What is the remainder when w(p) is divided by l?
13
Let f(w) = 2*w**2 + 7*w - 4. Let j be f(-3). Let k be -4 + 3 + -1 - j. Suppose 206 = k*u + y, u + 4*y = 48 - 3. Calculate the remainder when u is divided by 21.
20
Let i(f) = -f**2 + 71*f - 237. Let a = -89 - -140. Calculate the remainder when i(6) is divided by a.
0
Let d(i) = -5*i + 218. Let a(h) = h**3 + 14*h**2 + 7*h - 38. Let l be a(-13). Suppose 352 = 2*y + 2*y. Calculate the remainder when y is divided by d(l).
16
Let n be -4 + 9 + 0 + -1. Suppose 0 = n*u - 2*u - 88. Let k(q) = q + 32. Calculate the remainder when u is divided by k(-23).
8
Let j(y) = 2*y**2 - 17*y - 66. What is the remainder when j(-8) is divided by 114?
84
Suppose -h + 5*y + 8 = 24, 3*h + 3*y + 48 = 0. Let s be (-644)/h - 2/8. Let n = s + -31. What is the remainder when 34 is divided by n?
7
Let n(l) = l**2 - 11*l - 14. Let u be n(10). Let p be 7/(u/12*2/4). What is the remainder when 35 is divided by p/(-35) - (-99)/5?
15
Let f(q) = 191*q**2 - 359*q + 357. Calculate the remainder when f(1) is divided by 163.
26
Let k = -3436 + 6169. What is the remainder when k is divided by 57?
54
Let a(k) = k**2 + 63*k + 264. Calculate the remainder when 307 is divided by a(-59).
27
Let d(k) = 5*k**2 + 6*k - 5. What is the remainder when d(6) is divided by -4 + -1 + 13 + 45?
52
Let m = -570 - -694. What is the remainder when 742 is divided by m?
122
Let n(v) = -5 - 3*v + 0 + 5 + 3. Let t be n(-3). Suppose -64 - 68 = -t*f. What is the remainder when 42 is divided by f?
9
Let t(p) = p**3 + 5*p**2 + 206*p + 820. What is the remainder when 2889 is divided by t(-4)?
9
Suppose 7*c - 14 = 4*c + 2*x, 2*c = -x. Suppose 335 = 2*m - 3*j, -5*j + j + 356 = c*m. What is the remainder when m is divided by 29?
27
Let f(n) = n**2 - 19*n + 22. Let h(q) = 2*q - 16. What is the remainder when f(21) is divided by h(11)?
4
Suppose 2*d - 4*u = 316, -424*d - 3*u - 567 = -428*d. Calculate the remainder when d is divided by (-141)/(-9) - (-2)/(-3).
12
Let u = 13 - 9. Let l(q) = -q - 1. Let t be l(-10). Suppose 0 = 3*i - 5*d - 58, 5*d - 64 = -4*i + t*d. What is the remainder when i is divided by u?
3
Wh